factor of 2248 and 91046529?
281
What is the highest common divisor of 115 and 65917724?
23
Calculate the highest common divisor of 3258574 and 77102.
4058
Calculate the greatest common divisor of 1376195 and 1885.
145
Calculate the highest common factor of 6932673 and 36.
9
What is the highest common divisor of 11094 and 224202?
258
Calculate the greatest common divisor of 320 and 21867920.
80
Calculate the greatest common factor of 30 and 104339110.
10
What is the highest common divisor of 48 and 2625720?
24
What is the highest common divisor of 22432644 and 10608?
156
Calculate the highest common divisor of 167561 and 36537.
19
Calculate the highest common divisor of 241914196 and 668.
668
Calculate the highest common divisor of 3598776 and 7884.
108
Calculate the highest common divisor of 22006646 and 413.
59
Calculate the highest common divisor of 132095698 and 148.
74
Calculate the greatest common divisor of 2108 and 1303426.
62
What is the greatest common factor of 4932 and 468864?
36
Calculate the greatest common factor of 633105 and 27009.
9
Calculate the greatest common factor of 1770 and 7755786.
354
What is the highest common factor of 60122 and 66999?
23
What is the highest common factor of 18422782 and 5838?
1946
What is the highest common divisor of 619117702 and 14?
14
Calculate the highest common factor of 151035948 and 504.
252
What is the greatest common divisor of 19611 and 248281797?
6537
Calculate the greatest common factor of 303336014 and 454.
454
Calculate the greatest common factor of 406514 and 4.
2
Calculate the greatest common divisor of 1842 and 36137891.
307
What is the highest common factor of 1193794 and 3692?
142
What is the highest common divisor of 42 and 136557246?
42
Calculate the greatest common divisor of 210812 and 158228.
28
What is the greatest common divisor of 3740 and 5577275?
935
What is the highest common divisor of 536 and 584104?
8
Calculate the highest common divisor of 2568710475 and 1230.
615
What is the highest common divisor of 667986 and 1549818?
174
Calculate the greatest common factor of 116361 and 19081357.
1847
What is the highest common factor of 195 and 14573580?
15
Calculate the highest common factor of 2136161 and 134.
67
Calculate the highest common divisor of 306 and 29299636.
34
What is the highest common divisor of 156 and 464740692?
156
What is the greatest common factor of 2160 and 138135?
15
What is the highest common factor of 45 and 20978535?
15
Calculate the highest common factor of 344101394 and 39130.
7826
Calculate the highest common divisor of 3976 and 9276505.
497
Calculate the highest common factor of 43927896 and 64824.
1752
What is the highest common divisor of 33616826 and 166?
166
Calculate the greatest common divisor of 74 and 1535035354.
74
What is the highest common divisor of 13874371 and 1813?
259
What is the highest common factor of 243 and 2551743?
243
What is the greatest common factor of 947440 and 6760?
520
Calculate the highest common factor of 829590174 and 8694.
8694
What is the highest common divisor of 1045 and 357865?
95
Calculate the highest common factor of 92736 and 45404208.
3312
Calculate the highest common divisor of 208629 and 9486.
9
Calculate the highest common divisor of 6644 and 28749796.
604
What is the greatest common divisor of 64 and 30147104?
32
Calculate the greatest common divisor of 2384192 and 216.
8
What is the highest common divisor of 1655062 and 7051?
641
Calculate the greatest common divisor of 56700 and 85098600.
8100
Calculate the highest common divisor of 470887146 and 38.
38
Calculate the highest common factor of 144 and 9846768.
48
Calculate the highest common divisor of 207185285 and 590.
295
What is the highest common divisor of 112 and 868786528?
16
Calculate the highest common divisor of 10492 and 3524.
4
What is the highest common factor of 115 and 2386430?
5
Calculate the highest common divisor of 25361370 and 24969.
3567
Calculate the highest common divisor of 1884 and 302140848.
1884
What is the greatest common divisor of 12893190 and 810?
30
What is the greatest common divisor of 224 and 20621538?
14
Calculate the highest common divisor of 1736 and 1756.
4
What is the greatest common factor of 144 and 42576075?
9
What is the greatest common factor of 8336626 and 16882?
46
What is the greatest common factor of 4936412 and 39?
13
Calculate the highest common divisor of 21168 and 7896.
168
Calculate the highest common divisor of 43350 and 82025.
425
What is the greatest common divisor of 16 and 51165392?
16
What is the highest common divisor of 24132472 and 6188?
364
Calculate the greatest common divisor of 146456438 and 796.
398
What is the highest common factor of 35924626 and 251?
251
What is the highest common factor of 408 and 6586464?
24
What is the greatest common divisor of 5025 and 7094445?
15
What is the greatest common divisor of 150672 and 493296?
2064
What is the highest common factor of 125838610 and 10?
10
What is the greatest common factor of 68 and 122120452?
68
Calculate the highest common factor of 17950772 and 777.
259
Calculate the highest common divisor of 19236 and 154264476.
2748
Calculate the greatest common divisor of 189091 and 640594.
3859
What is the greatest common divisor of 107355 and 1173?
51
Calculate the greatest common divisor of 10438 and 911.
1
Calculate the highest common factor of 84900 and 36240.
60
What is the highest common factor of 115025488 and 16?
16
What is the greatest common factor of 89023532 and 9488?
2372
What is the greatest common divisor of 2950 and 32950300?
50
What is the greatest common factor of 14352 and 98201766?
1794
What is the highest common factor of 330535 and 5?
5
What is the greatest common divisor of 212320026 and 50039?
4549
Calculate the greatest common divisor of 28053632 and 4864.
128
What is the greatest common divisor of 1362661 and 38?
19
Calculate the greatest common factor of 15113624 and 1424.
712
Calculate the highest common factor of 1572868 and 396.
44
What is the highest common divisor of 208 and 8182408?
104
Calculate the highest common divisor of 4466 and 1694616.
154
Calculate the highest common divisor of 13800 and 18276600.
600
Calculate the highest common divisor of 219046170 and 1470.
1470
What is the greatest common divisor of 93833684 and 112?
28
Calculate the highest common divisor of 71635683 and 189.
21
Calculate the greatest common divisor of 72853 and 27269.
407
Calculate the highest common factor of 7056 and 7004844.
1764
What is the greatest common factor of 1352030 and 60?
10
Calculate the greatest common divisor of 19613 and 132121.
11
What is the greatest common factor of 1547174 and 130232?
446
What is the highest common divisor of 597430 and 2090?
10
What is the highest common divisor of 84485 and 21960?
305
What is the greatest common factor of 14345 and 543600?
755
Calculate the highest common divisor of 1169 and 37708767.
167
What is the highest common factor of 77 and 3527348?
11
Calculate the highest common divisor of 10835 and 203115.
55
Calculate the greatest common factor of 228985 and 109675.
205
What is the highest common factor of 287 and 81056754?
41
What is the greatest common divisor of 85312 and 512?
64
What is the highest common divisor of 11819 and 2891195?
223
What is the highest common factor of 12895824 and 3?
3
Calculate the highest common divisor of 102384 and 51824.
1264
What is the greatest common factor of 1125 and 808000?
125
What is the highest common divisor of 11176 and 2635123?
127
What is the greatest common divisor of 500711921 and 19?
19
What is the greatest common divisor of 9186238 and 9552?
398
What is the greatest common factor of 11459565 and 27?
9
What is the highest common divisor of 92225800 and 725?
725
Calculate the greatest common divisor of 103824 and 1432627.
721
What is the greatest common factor of 30209870 and 6850?
1370
What is the highest common factor of 470408088 and 2766?
2766
Calculate the highest common factor of 19403400 and 7592.
584
Calculate the highest common factor of 608 and 201419.
19
Calculate the highest common divisor of 57114 and 159.
3
Calculate the greatest common divisor of 1207636 and 2325.
31
Calculate the highest common divisor o